{"id":42,"date":"2021-05-04T21:01:34","date_gmt":"2021-05-04T19:01:34","guid":{"rendered":"http:\/\/mycologiebotaniquesaintpierredechandieu.fr\/?page_id=42"},"modified":"2022-06-10T05:00:07","modified_gmt":"2022-06-10T03:00:07","slug":"les-criteres-de-determination-des-champignons","status":"publish","type":"page","link":"https:\/\/mycologiebotaniquesaintpierredechandieu.fr\/index.php\/groupe-mycologique-de-saint-pierre-de-chandieu\/les-criteres-de-determination-des-champignons\/","title":{"rendered":"Partie Mycologie"},"content":{"rendered":"\n<p>Le travail en mycologie, avant d&rsquo;aller \u00e0 la cueillette des champignons, est de savoir reconnaitre les champignons que l&rsquo;on voit. Cela se fait par une observation minutieuse, une connaissance de la morphologie des diff\u00e9rents champignons, pour savoir ensuite les classer par type et par famille. Enfin, pour aller plus pr\u00e9cis\u00e9ment dans la d\u00e9termination exacte d&rsquo;un champignon, on se sert de dictionnaires mycologiques qui d\u00e9crivent pr\u00e9cis\u00e9ment chaque champignon. Pour acc\u00e9der \u00e0 l&rsquo;usage de ces dictionnaires, il faut au pr\u00e9alable partager un m\u00eame vocabulaire ! On vous donne dans ces pages rapidement les principaux \u00e9l\u00e9ments pour pouvoir acc\u00e9der \u00e0 ces outils et vous permettre de trier ensuite un panier de champignon de fa\u00e7on plus sereine.<\/p>\n\n\n\n<p class=\"has-large-font-size\"><strong>La description physique d&rsquo;un champignon \u00ab\u00a0\u00e0 lames\u00a0\u00bb<\/strong><\/p>\n\n\n\n<p>Pour d\u00e9terminer et reconnaitre un champignon, il est n\u00e9cessaire de savoir l&rsquo;observer et le d\u00e9crire pr\u00e9cis\u00e9ment. L&rsquo;observation se fait autant sur la structure, ses formes, ses couleurs, son odeur, son environnement, sa localisation et le climat ambiant. Toutes ces observations sont d\u00e9crites pr\u00e9cis\u00e9ment avec un vocabulaire pr\u00e9cis, adapt\u00e9, pour que chacun puisse comprendre la description qui en est faite et pour retrouver ces observations dans des ouvrages mycologiques<\/p>\n\n\n\n<p>Un&nbsp;&nbsp; champignon se d\u00e9finit toujours par deux noms : <strong>Le 1er nom&nbsp; est le genre du champignon <\/strong>: ex Amanita ou&nbsp; Boletus ou Lactarius ; <strong>Le 2e nom est l\u2019esp\u00e8ce <\/strong>: Phallo\u00efdes, Edulis, Deliciosus , &#8230;<\/p>\n\n\n\n<figure class=\"wp-block-image size-large\"><img loading=\"lazy\" decoding=\"async\" width=\"945\" height=\"746\" src=\"https:\/\/mycologiebotaniquesaintpierredechandieu.fr\/wp-content\/uploads\/2021\/05\/La-description-des-elements-dun-champignon.jpg\" alt=\"\" class=\"wp-image-110\" srcset=\"https:\/\/mycologiebotaniquesaintpierredechandieu.fr\/wp-content\/uploads\/2021\/05\/La-description-des-elements-dun-champignon.jpg 945w, https:\/\/mycologiebotaniquesaintpierredechandieu.fr\/wp-content\/uploads\/2021\/05\/La-description-des-elements-dun-champignon-300x237.jpg 300w, https:\/\/mycologiebotaniquesaintpierredechandieu.fr\/wp-content\/uploads\/2021\/05\/La-description-des-elements-dun-champignon-768x606.jpg 768w, https:\/\/mycologiebotaniquesaintpierredechandieu.fr\/wp-content\/uploads\/2021\/05\/La-description-des-elements-dun-champignon-380x300.jpg 380w\" sizes=\"auto, (max-width: 945px) 100vw, 945px\" \/><\/figure>\n\n\n\n<p>Une fois un sp\u00e9cimen correctement d\u00e9crit, on utilise les tableaux de d\u00e9termination pour classifier le type de champignon trouv\u00e9 avec des abaques et l&rsquo;on peut rechercher ensuite plus pr\u00e9cis\u00e9ment le champignon trouv\u00e9 \u00e0 l&rsquo;aide de dictionnaires des esp\u00e8ces mycologiques.<\/p>\n\n\n\n<p>Toutes ces observations permettent \u00e9galement tout simplement de trier correctement un panier de champignons pour ne garder bien \u00e9videment que les champignons dignes pour la casserole (et surtout bien reconnaitre les champignons non comestibles \u00e0 \u00e9viter !!!)<\/p>\n\n\n\n<p><\/p>\n\n\n\n<div class=\"wp-block-buttons is-layout-flex wp-block-buttons-is-layout-flex\">\n<div class=\"wp-block-button is-style-fill\" id=\"https:\/\/mycologiebotaniquesaintpierredechandieu.fr\/index.php\/2021\/06\/07\/la-determination-des-champignons\/(ouvre-un-nouvel-onglet)\"><a class=\"wp-block-button__link has-headings-color has-text-color has-background\" href=\"https:\/\/mycologiebotaniquesaintpierredechandieu.fr\/index.php\/2021\/06\/07\/la-determination-des-champignons\/\" style=\"border-radius:32px;background-color:#e5e84d\" rel=\"https:\/\/mycologiebotaniquesaintpierredechandieu.fr\/index.php\/2021\/06\/07\/la-determination-des-champignons\/\">la classification des champignons<\/a><\/div>\n\n\n\n<div class=\"wp-block-button is-style-fill\"><a class=\"wp-block-button__link has-sitebg-color has-accent-2-background-color has-text-color has-background\" href=\"https:\/\/mycologiebotaniquesaintpierredechandieu.fr\/index.php\/2021\/06\/12\/les-sporees\/\" style=\"border-radius:32px\" rel=\"https:\/\/mycologiebotaniquesaintpierredechandieu.fr\/index.php\/2021\/06\/12\/les-sporees\/\">Les spor\u00e9es des champignons<\/a><\/div>\n\n\n\n<div class=\"wp-block-button is-style-outline is-style-outline--1\"><a class=\"wp-block-button__link has-sitebg-color has-text-color has-background\" href=\"https:\/\/mycologiebotaniquesaintpierredechandieu.fr\/index.php\/2022\/04\/04\/cuisiner-les-champignons\/\" style=\"border-radius:33px;background-color:#de50fa\"><em>Conserver et cuisiner les champignons<\/em><\/a><\/div>\n<\/div>\n\n\n\n<p><\/p>\n","protected":false},"excerpt":{"rendered":"<p>Le travail en mycologie, avant d&rsquo;aller \u00e0 la cueillette des champignons, est de savoir reconnaitre les champignons que l&rsquo;on voit. Cela se fait par une observation minutieuse, une connaissance de la morphologie des diff\u00e9rents champignons, pour savoir ensuite les &hellip;<\/p>\n","protected":false},"author":1,"featured_media":0,"parent":33,"menu_order":3,"comment_status":"closed","ping_status":"closed","template":"","meta":{"footnotes":""},"class_list":["post-42","page","type-page","status-publish","hentry"],"_links":{"self":[{"href":"https:\/\/mycologiebotaniquesaintpierredechandieu.fr\/index.php\/wp-json\/wp\/v2\/pages\/42","targetHints":{"allow":["GET"]}}],"collection":[{"href":"https:\/\/mycologiebotaniquesaintpierredechandieu.fr\/index.php\/wp-json\/wp\/v2\/pages"}],"about":[{"href":"https:\/\/mycologiebotaniquesaintpierredechandieu.fr\/index.php\/wp-json\/wp\/v2\/types\/page"}],"author":[{"embeddable":true,"href":"https:\/\/mycologiebotaniquesaintpierredechandieu.fr\/index.php\/wp-json\/wp\/v2\/users\/1"}],"replies":[{"embeddable":true,"href":"https:\/\/mycologiebotaniquesaintpierredechandieu.fr\/index.php\/wp-json\/wp\/v2\/comments?post=42"}],"version-history":[{"count":20,"href":"https:\/\/mycologiebotaniquesaintpierredechandieu.fr\/index.php\/wp-json\/wp\/v2\/pages\/42\/revisions"}],"predecessor-version":[{"id":544,"href":"https:\/\/mycologiebotaniquesaintpierredechandieu.fr\/index.php\/wp-json\/wp\/v2\/pages\/42\/revisions\/544"}],"up":[{"embeddable":true,"href":"https:\/\/mycologiebotaniquesaintpierredechandieu.fr\/index.php\/wp-json\/wp\/v2\/pages\/33"}],"wp:attachment":[{"href":"https:\/\/mycologiebotaniquesaintpierredechandieu.fr\/index.php\/wp-json\/wp\/v2\/media?parent=42"}],"curies":[{"name":"wp","href":"https:\/\/api.w.org\/{rel}","templated":true}]}}